 0 = 143*x - 87*x - 75*x + 180975. What is the units digit of x?
5
Let u be ((-330)/9)/(92/(-30) + 3). Let b = 766 - u. What is the tens digit of b?
1
Suppose 2*l - 11310 - 6282 = 5*b, 4*l + b = 35228. What is the thousands digit of l?
8
Suppose 4674 = 75*j - 424701. What is the units digit of j?
5
Let w(l) = 11*l**2 - 121*l + 233. What is the units digit of w(54)?
5
Suppose -5*n = -15, -f = -5*f + 4*n + 88. Let x be (f/10 + -1)*-16. What is the units digit of 76/12*(-3 - x)?
3
Let m = 76203 - 41345. What is the units digit of m?
8
Let k be (8 - (11 - 4))/(2/6). Let g be 2/(-2) + 4 + -2*1. Suppose g = -l, -5*c + l + 619 = -k*l. What is the tens digit of c?
2
Let c = 7558 + 3078. What is the thousands digit of c?
0
Suppose 5*f + 25 = 25. Suppose 0 = -23*h + 21*h - 4*x + 2958, 4*h - 5*x - 5916 = f. What is the thousands digit of h?
1
Suppose -7*n - 186 - 843 = 0. What is the hundreds digit of 1250/7 - (-84)/n?
1
Let v be (15/9)/((-2)/(-6)). Let o(f) = 32*f - 112. Let k be o(19). Suppose -2*r = -v*q + 357, 0 = -5*q - 4*r - 115 + k. What is the tens digit of q?
7
Let c be (-16 + -373)*-5*1. Suppose -5*h + 1961 = i, 0*h - 5*h - 5*i = -c. What is the units digit of h?
3
Suppose -70*l - 75*l - 144120 = -153*l. What is the thousands digit of l?
8
What is the ten thousands digit of (-8)/6 + (-1836870)/(-126)?
1
What is the units digit of ((-14)/6)/((-289)/378879)?
9
Suppose 2*x - n - 182821 = -50520, 2*n + 330752 = 5*x. What is the thousands digit of x?
6
Let b(y) = 11*y - 13. Let v(f) = 1. Let s(n) = -1. Let l(a) = 5*s(a) + 6*v(a). Let d(r) = 2*b(r) + 18*l(r). What is the hundreds digit of d(8)?
1
Let n be ((-15)/(-18))/(6/(-36)). What is the units digit of (-285)/(-38)*(-28)/n?
2
Suppose 77*z + 352*z - 16171888 = 125*z. What is the tens digit of z?
9
Suppose -11*p - 2 = -10*p, -3*t + 16 = p. Suppose -5*h = 3*a - 11, t - 28 = 2*a - 4*h. What is the units digit of 5/(1*(-1)/(-4)) - a?
3
Suppose -5*m + 4*q = -358 + 1998, 1286 = -4*m - 2*q. Let a = -148 - m. What is the tens digit of a?
7
Let n(f) = -7*f - 68. Let h be n(-13). Suppose -h*g + 1771 = -2714. What is the tens digit of g?
9
Let y(o) = -70*o + 32*o - 60*o - 8*o - 4. What is the units digit of y(-3)?
4
Let h(i) = 66*i**2 + 124*i - 848. What is the units digit of h(30)?
2
Let k(w) = 13*w**2 + 359*w - 88. What is the hundreds digit of k(-32)?
7
Let a(q) = -q**2 - 16*q - 13. Let v be a(-14). Suppose -x - v = -17. Suppose 0 = -t - 2*j + 204, -1020 = -5*t - x*j - j. What is the tens digit of t?
0
Let t = -1132 - -1637. Suppose -49 + t = 2*u. Let h = u - 146. What is the units digit of h?
2
Suppose -3*w + 5*w = l - 6543, 3*w = -l + 6558. What is the hundreds digit of l?
5
Suppose -621 = -2*a - 51. Suppose a*h - 4160 = 280*h. What is the tens digit of h?
3
Let r(d) = 10310*d**2 - 70*d - 69. What is the units digit of r(-1)?
1
Let k(c) = 94*c**3 + 17*c**2 - 45*c + 117. What is the tens digit of k(6)?
6
Suppose 2*g + 5*r + 3 = 19, 5*g - 3*r = 9. Suppose -2*t = -g*w, 0 = -3*t + 4*w + 1. Suppose d - 299 = 3*c, -t*c = -d + 6*d - 1459. What is the units digit of d?
3
Let i(x) = -6*x**2 - 2*x + 5. Let h(v) = -5*v**2 - v + 5. Let s(m) = 7*h(m) - 6*i(m). Let f be s(-5). Suppose -18 + 133 = f*y. What is the tens digit of y?
2
Let u(o) = 399*o - 8 + 86*o + 6 - 32. Let x be u(3). Suppose -547 = -8*h + x. What is the units digit of h?
6
Let i be (3/(-6))/(11/(-110)). Suppose -3*h + j - i*j = -150, -245 = -5*h - 5*j. What is the units digit of h?
6
Suppose -2*n + 0*n + 7399 = -9*i, 3*i - 3737 = -n. What is the tens digit of n?
2
Let i(k) = 101*k**2 - 82*k - 683. What is the tens digit of i(-15)?
7
Let q = 16256 - 8810. What is the hundreds digit of q?
4
What is the units digit of (-8)/64 - 15058/(-16)?
1
Let k(x) = -740*x - 348. What is the thousands digit of k(-6)?
4
Let u(p) = -246*p - 47. Let k be u(-3). Suppose -5*j - k = -6031. What is the hundreds digit of j?
0
Suppose 456 = 10*s - 8*s. Suppose -55 = n + 69. Let a = n + s. What is the tens digit of a?
0
Let t(s) = -s**2 + 3*s + 2. Let j be t(6). Let b = -20 - j. What is the tens digit of (-3 - b - 2) + (-80)/(-2)?
3
Suppose -5*n + 24 = 3*m, -3*m + 0*m = -3*n. Suppose -n*z + 5*g = -2*z - 146, 0 = 5*z + g - 704. Suppose 68*y = 67*y + z. What is the hundreds digit of y?
1
Let f = -11783 - -64676. What is the ten thousands digit of f?
5
What is the hundreds digit of (-3)/12 - (-10 + (-779772)/48)?
2
Suppose 297 = -12*w + 633. Suppose 0 = -w*d + 24*d, 4708 = 4*x - 3*d. What is the tens digit of x?
7
Let f = -27 - -29. Suppose 8 = m - 0*m - 2*y, -2*m + 20 = -f*y. What is the tens digit of 2*2/m*165?
5
Let n(b) = b**2 - 23*b - 22. Let s be n(24). Suppose 4*i - 15 = -c, s*i - 60 = -4*c + 6*i. Let a(q) = q**2 - 5*q + 9. What is the units digit of a(c)?
9
What is the hundreds digit of (7 - 1)*-20277*(-16)/96?
2
Suppose 0 = 55*n - 1118 - 5894 - 3273. Suppose -7 + 1 = -2*h. Suppose h*u - 1006 = -n. What is the units digit of u?
3
Let h = -753 - -1499. Suppose 2*o + 140 = h. What is the hundreds digit of o?
3
Let o(b) = b**3 - 26*b**2 + 97*b + 48. What is the hundreds digit of o(22)?
2
Let h(j) = 2*j**2 - 5*j - 17. Let z be h(5). What is the tens digit of (-10)/25*(z - 2853)?
3
Let b(c) = -2*c**2 - 5. Let d be b(-3). Let q = -19 - d. What is the tens digit of (-3 + (13 - q))/((-3)/(-26))?
5
Suppose -1137*j = -1140*j + n + 28246, 5*j + 3*n = 47086. What is the hundreds digit of j?
4
Let n(f) = -f**3 + 92*f**2 - 193*f + 1072. What is the units digit of n(89)?
8
What is the units digit of (5 + 8/((-96)/606))*(-118 + 0)?
9
Suppose 0 = -k + v + 64376, 6*v = -3*k + 67921 + 125189. What is the tens digit of k?
7
Let b(p) = -9*p**3 - 37*p - 334. What is the units digit of b(-9)?
0
Let t = -9 - -18. Suppose -t = 13*w - 16*w. Suppose 8*b - 419 = w*b - d, b - 3*d - 87 = 0. What is the units digit of b?
4
Let x = -35 - 65. Suppose -198*i + 312 = -742 + 64. What is the units digit of (0 + 1)*(2 - i - x)?
7
Let k = 5 - 23. Let o be k/(-6)*(-10)/(-3). Suppose -o*c = -968 + 158. What is the units digit of c?
1
Suppose 2*a - 10 = 0, q + 3*q - 3 = a. Suppose -1298 = -q*k + 778. What is the tens digit of k?
3
Suppose -90*h + 86*h + 8 = 0, 4*h = 4*d - 110068. What is the hundreds digit of d?
5
Suppose -288 = -7*g - 9*g. Let v(o) = 2*o**2 - 12*o - 18. What is the hundreds digit of v(g)?
4
Let h be 90 - 0/((-4)/2). Let x = 162 - h. Suppose -z + x = 5*z. What is the tens digit of z?
1
Suppose -276544 = -1287*s + 1255*s. What is the thousands digit of s?
8
Let p = 1689 + -837. Suppose 3*b - 186 = 3*a + p, 1734 = 5*b - 3*a. What is the hundreds digit of b?
3
Let c be (-51)/85 - (-6)/10. Suppose 6*g - 1019 - 4735 = c. What is the units digit of g?
9
Suppose -3*q - 18 = -3*c - 9, 2*q + 2 = -2*c. What is the units digit of 1 + (333 - -4) + c?
9
Suppose 12*b = 9*b + 9. Suppose 3*k - 5*k + 473 = n, -b*k = -4*n - 682. What is the units digit of k?
4
Let j = -6442 - -23466. What is the ten thousands digit of j?
1
Suppose -28 = -5*t + 17. Let f = t + -6. Suppose -5*p + 512 = f*p. What is the tens digit of p?
6
Suppose c - 9692 = -4*h, -2*h - 458*c + 4860 = -454*c. What is the units digit of h?
2
Suppose 2*l - 19492 = -3*p + 15726, -24 = -4*p. What is the tens digit of l?
0
Let a = 371 + 2691. What is the thousands digit of a?
3
Let a(m) = m**3 + 22*m**2 - 310*m + 13. What is the units digit of a(22)?
9
Let u(v) = 2*v**2 - v - 2. Let h be (-64)/(-28) - 6/21. Suppose 4*r - 4*f + 10 = -10, -5*f + 16 = -h*r. What is the units digit of u(r)?
9
Suppose -7*n = 7*n - 16674. Let f = n - 790. What is the tens digit of f?
0
Suppose -5*d + 8 = 3*i, -d - 12 = 4*i - 0*i. Suppose -4*b = -d*x + 1308, -b + 1310 = -5*b + 3*x. Let v = -230 - b. What is the tens digit of v?
9
Suppose 169815 = 16*l + 12138 - 439859. What is the thousands digit of l?
7
Let b(s) be the second derivative of s**5/20 + 19*s**4/12 + 4*s**3/3 + 72*s**2 - 127*s + 1. What is the units digit of b(-11)?
4
Let w be (-15604)/(-44) + 20/55. Let t be (-1 + -4)*(-1 + 0). Suppose -4*r = -t*k + w, 7*r = -k + 4*r + 71. What is the units digit of k?
1
Suppose -3098 = -27*j + 437981 + 667487. What is the tens digit of j?
5
Let n(c) = 9*c**2 - 43*c + 192. What is the tens digit of n(26)?
5
Let f = 292 + -200. What is the hundreds digit of 475/3 + f/(-69)?
1
